What are the prime factors of x?
3
Suppose b + s + 3*s + 8 = 0, 0 = 3*s + 9. What are the prime factors of b?
2
Let j(v) = 2*v**2 - 3*v. Let n be j(2). Suppose n*r = 4*r - 6. Suppose 39 - r = 2*q. List the prime factors of q.
2, 3
Let s(d) = 8*d**2 - 3*d - 2. Let g be s(-2). Suppose 0*p + 4*p + 5*q - 46 = 0, 4*q = 2*p - g. List the prime factors of p.
2, 7
Suppose -3*u - 15 = -108. What are the prime factors of u?
31
Suppose 0*a - 8 = -2*a. What are the prime factors of 16 - (-3 + a + -1)?
2
Suppose -20 - 24 = -2*k. What are the prime factors of k?
2, 11
Suppose 62 = -4*k + 2*w, -5*w = -k - k - 43. Let q be 46/k - 4/(-14). Let h = 6 + q. List the prime factors of h.
3
Suppose x - 90 = -4*x. What are the prime factors of x?
2, 3
Suppose -415 = -7*l - 72. List the prime factors of l.
7
Suppose 4*s + 25 = 5*v - s, 0 = 3*v + 4*s - 1. Let q(n) = -2*n**3 + 4*n**2 - 3*n - 1. Let m be q(v). Let k = m - -40. What are the prime factors of k?
2, 3
Suppose -x = -6*x + 25. Let h(s) = s. Let v be h(5). Suppose -3*r + x*r - 18 = -4*q, 3*r + 28 = v*q. What are the prime factors of q?
5
Let c(k) = k**3 - 11*k**2 + 11*k - 3. List the prime factors of c(10).
7
Let u(z) be the second derivative of z**5/60 - 5*z**4/24 + z**3/6 + z**2 - 2*z. Let v(x) be the first derivative of u(x). List the prime factors of v(6).
7
Let i = -168 + 242. Suppose 2*o + 3*o - i = 3*g, 0 = -4*g + 8. Suppose 0*h + 4*h = o. What are the prime factors of h?
2
Let h(w) = -3*w + 57. List the prime factors of h(0).
3, 19
Let a = 319 + -170. List the prime factors of a.
149
Suppose -3*g + 2*p + 821 = 0, -2*g + 534 = 3*p - p. What are the prime factors of g?
271
Let m be 3 + -1 - (-2 - 0). Suppose -2*x - 34 = -3*f, 24 = -4*x + m. What are the prime factors of f?
2
Let m = 153 - 55. List the prime factors of m.
2, 7
Let x(l) = l**3 - 2*l**2 - 5*l + 3. Let w be x(3). List the prime factors of (5 + w - 0)*10.
2, 5
Let c(k) = 117*k + 15 + k**2 - 118*k + 0*k**2. Suppose 2*i = -5*x - 1 - 4, 0 = 2*x + 2. List the prime factors of c(i).
3, 5
Suppose 3*z - 3*l = -2*z, 4*l = -4*z + 32. Let j = z + 5. List the prime factors of j.
2
Suppose 0 = o - 2*j - 8, -5 + 16 = -2*o - 5*j. Suppose o*p = 2*x + 102, -78 = -2*p - x + 15. Suppose 0 = 2*v + 2*v - p. What are the prime factors of v?
2, 3
Let b be ((-3)/2)/(2/(-4)). Suppose 5*n = 4*n + b. Suppose n*j = -j + 56. List the prime factors of j.
2, 7
Suppose 24 = 4*n - 0*n. Suppose 3*r = 4*t - 58, -4*t - n*r = -r - 42. Suppose 0 = 2*h - 39 + t. List the prime factors of h.
13
Let j(c) = -c - 5. Let m be j(-6). Let a be 0/(1 + (2 - m)). Suppose 5*f - 50 = -a*f. What are the prime factors of f?
2, 5
Suppose 8*j = 3*j + 35. Let k = j + 28. Suppose -4*z = -k - 29. List the prime factors of z.
2
Suppose -5*h + 0*h = -350. What are the prime factors of h?
2, 5, 7
List the prime factors of -2*((-90)/3 + 1).
2, 29
Suppose 2*j - 7 + 1 = 0. Suppose 56 = j*w - w. What are the prime factors of w?
2, 7
Let n be (-2)/(3 + -5) + 2. Suppose -c + 7 = -3*j, 3*c + n*j - 13 = 44. List the prime factors of c.
2
Let w = -32 + 152. List the prime factors of w.
2, 3, 5
Suppose -2*w + 30 = 4*r, 6*w - 64 = w + r. What are the prime factors of w?
13
Let p be (-3)/6 + (-11)/(-2). Suppose 6 = -m - 2*o, 5*m - p*o = 6*m + 21. Suppose 3*z = m*z - 3. What are the prime factors of z?
3
Let z be -2 + 6 + -2*1. Let s = z + 2. Suppose -5*a - 4 = -i, s*i - 4*a = i + 23. What are the prime factors of i?
3
Suppose -4*h + 8 = -12. Suppose 2*t + 3*s = -2*s - 9, h*s + 15 = 0. Let a = t - 0. List the prime factors of a.
3
Let h(q) = -q**2 + 10*q + 4. Suppose 0 = 3*y + y - 40. Let v be h(y). Suppose -v*g = 6 - 14. What are the prime factors of g?
2
Let d(v) = -5*v + 8. Let k be d(4). Let a = 28 - k. What are the prime factors of a?
2, 5
Let r(u) be the third derivative of u**5/60 - 2*u**2. List the prime factors of r(2).
2
Suppose 16 = -2*j - 8. Let c = 3 + j. What are the prime factors of (-6)/c*(-18)/(-4)?
3
Suppose -2*y + y = 0. Suppose y = 4*s + 5*m - 37 - 97, -2*s + 78 = -3*m. List the prime factors of s.
2, 3
Suppose 0 = -7*d + 561 - 43. What are the prime factors of d?
2, 37
Let k(c) = 2*c**3 + 2*c**2 + 2*c - 5. Let a(s) = s**2 + s + 1. Let i(o) = -a(o) - k(o). What are the prime factors of i(-3)?
2, 5
Let q(r) = r**3 - 7*r**2 + 10*r - 11. What are the prime factors of q(7)?
59
Suppose 0 = 3*z + 30 - 105. Let k = z - 13. What are the prime factors of k?
2, 3
Let m be ((-3)/9)/((-2)/18). Suppose 48 = -m*f + 7*f. Suppose s - 9 = -3*d + 6*s, 4*d = -3*s + f. List the prime factors of d.
3
Let s = -14 + 17. Suppose d + s*c = 18, 2*d - 124 = -3*d + 2*c. List the prime factors of d.
2, 3
Let h(n) = -n**3 - 4*n**2 - n. Let p be h(-4). Let b = -1 + p. List the prime factors of (b/2)/(6/8).
2
Let l(h) be the second derivative of -h**5/20 + 2*h**3/3 + h**2/2 + h. What are the prime factors of l(-3)?
2
Let w = -99 + 231. What are the prime factors of w?
2, 3, 11
Suppose 0 = -4*s + s - 4*k + 158, 5*s - 255 = -5*k. Suppose s + 104 = 5*j. What are the prime factors of j?
2, 3, 5
Let k be 9/(-6)*(-20)/6. Let o = 2 - k. List the prime factors of (o/(-6))/((-2)/(-48)).
2, 3
Suppose 17*s - 642 = 11*s. What are the prime factors of s?
107
Let l(f) = -16*f**3 + 41*f**2 + 10*f + 41. Let j(n) = -3*n**3 + 8*n**2 + 2*n + 8. Let d(p) = 11*j(p) - 2*l(p). List the prime factors of d(5).
41
Suppose -4*d + 0*y + 20 = -4*y, 2 = 4*d + 5*y. Suppose -136 = -d*w - 4*c - c, 0 = -4*c + 8. List the prime factors of w.
2, 3, 7
Suppose -4*t + 52 = 3*d - 7*d, -5*t - 2*d = -86. What are the prime factors of t?
2
Let w be 0/(1 - -2 - 1). Let r = w + 6. List the prime factors of r.
2, 3
Let y be (18/(-8))/((-11)/(-44)). Let c = y + 30. What are the prime factors of c?
3, 7
Suppose -4*s - 30 = -78. List the prime factors of s.
2, 3
Let t = -71 + 180. List the prime factors of t.
109
Let o = 27 + -15. List the prime factors of -3 + 7*o/4.
2, 3
What are the prime factors of (-8*6/60)/((-2)/605)?
2, 11
Let i be (156/(-18))/((-2)/6). Suppose -59 = -5*u - 5*j + 6, -2*u + 3*j + i = 0. What are the prime factors of u?
13
List the prime factors of (-10)/(-25)*(178 + 2) - 1.
71
Suppose 6*v = 5*v + 65. List the prime factors of v.
5, 13
Let j be 15 + -3*3/(-9). Let r = j - 5. What are the prime factors of r?
11
Let k be ((-3)/(-2))/((-3)/(-4)). Suppose v = -3*i + 2, k*v - 3*i = -0*i + 49. Suppose -3*u + 2*u = -v. List the prime factors of u.
17
Let r(f) be the first derivative of f**2/2 + 5*f + 2. Let l be r(-6). Let n = 11 - l. List the prime factors of n.
2, 3
Let w be (-30)/4*-1*2. Suppose -4*y + w = -13. What are the prime factors of y?
7
Suppose 0 = 3*k - 2*m - 14 - 33, 3*k - 43 = 4*m. Let y = 24 - k. What are the prime factors of y?
7
Suppose 1 - 9 = -k. Let b = -13 + k. Let v = b - -16. What are the prime factors of v?
11
Let h = 68 - 41. Suppose 11 = -4*o + h. Suppose o*c - 27 = 21. List the prime factors of c.
2, 3
Let g be (-1)/((6/4)/3). Let a = g + 2. Suppose 0 = 3*j + 2*l - 15, 4*j - 2*l - 10 - 10 = a. What are the prime factors of j?
5
Suppose 4*a = 8 - 0. Suppose -b = -a*b + 4. List the prime factors of b.
2
Suppose -5*h + 7 = -2*a, 4*h + 0 = -a + 3. Let s be ((-1)/1 - a) + 9. What are the prime factors of 2/s - 248/(-18)?
2, 7
Let l(p) = p**2 + 14*p + 37. List the prime factors of l(-16).
3, 23
Let o(y) = 6*y + 11. Let c be o(14). Suppose -n - 10 = -3*m - 43, 0 = 5*n - m - c. List the prime factors of n.
2, 3
Let s(a) be the third derivative of -a**6/12 + a**5/30 + a**4/24 + a**2. List the prime factors of s(-1).
11
Suppose -4*y + 186 = 2*c, -4*c + 478 = c - 3*y. List the prime factors of c.
5, 19
Let r(k) = 1. Let q(m) = -3*m + 6. Let g(v) = -q(v) - 5*r(v). List the prime factors of g(7).
2, 5
Suppose -w = 5*k - 289 - 8, 0 = -3*w - 9. List the prime factors of k.
2, 3, 5
Suppose -5*w = 4*a - 52, -2*w = 3*a - 3*w - 58. Suppose 0*l + 3*l = -a. Let f(o) = o**2 + 4*o - 3. List the prime factors of f(l).
3
Suppose -3*u + 12 = -0*u. Let s = 13 - u. List the prime factors of s.
3
Let l(n) = n + 9. Suppose a = -6 - 1. Let d be l(a). Suppose 2*w - 52 = -d*w. List the prime factors of w.
13
Let v(k) = -3*k + 7. Let i be v(8). What are the prime factors of i*(-2 - (-1 - 0))?
17
Suppose b - 60 = -2. What are the prime factors of b?
2, 29
Suppos